) = j**2 + 8*j + 1. Let g be f(-8). Suppose -3*v + g = -7*t + 3*t, 14 = t + 4*v. Calculate the remainder when t is divided by 1.
0
Suppose 2*o = 3*w + 12, 0 = -o + w - 1 + 7. What is the remainder when o is divided by 4?
2
Suppose 358 - 1602 = t - 3*c, 5*t - 4*c + 6264 = 0. Let b be 2/(-6) - t/(-12). What is the remainder when b/(-9) + (-3)/(-9) is divided by 7?
5
Calculate the remainder when 3 - (-3 - -4) - -1 is divided by 4/(-3)*(-3)/2.
1
Let g(r) = r**3 + 2*r**2 + 2*r + 38. Calculate the remainder when g(0) is divided by 21.
17
Let a(k) = 6*k**3 - k**2 + k + 22. Let w(m) = -m**3 - 1. Let r(y) = a(y) + 5*w(y). Let f = 6 - 0. Calculate the remainder when r(0) is divided by f.
5
Let k(n) = -n**3 + 5*n**2 + 3*n - 3. Calculate the remainder when k(3) is divided by ((-39)/4)/(6/(-8)).
11
Let p(m) = -14*m - 8. Let n(o) = 13*o + 7. Let y(u) = 6*n(u) + 5*p(u). Calculate the remainder when y(2) is divided by 1 - ((-16)/2 - 1).
8
Suppose 3*o + 8 + 1 = 0. Calculate the remainder when 4 is divided by (o + 0 + 1)/(-1).
0
Let g(h) = 6*h**2 + 2*h - 5. What is the remainder when g(-4) is divided by 26?
5
Suppose 2*m + 683 = 5*t, 6*t - t - 5*m - 680 = 0. Calculate the remainder when t is divided by 35.
32
Let u = -38 + 62. Calculate the remainder when u is divided by 11*(-1)/(-1) + 2.
11
Let g = -48 + 29. Let v = g - -22. What is the remainder when 9 is divided by v?
0
Let w(y) = -y**3 + 6*y**2 - 4*y + 5. Let v(k) = 2*k + 3. Calculate the remainder when w(4) is divided by v(4).
10
Calculate the remainder when 26 is divided by (-38)/(-6) + (-4)/(-6).
5
Suppose 3*p - 5 = -n + 2*p, 25 = -5*p. Let t(s) = s**3 + 7*s**2 + s - 6. What is the remainder when t(-5) is divided by n?
9
Suppose 2*z = 3*z - 15. Suppose -5*v - z = 0, w = 5*w - v - 39. Calculate the remainder when 16 is divided by w.
7
Let z = 23 - 15. What is the remainder when z is divided by 3?
2
Suppose -4*f + 10 = -2*f. Suppose 3*b - 123 = -4*h, -f*h + 154 = 4*b - 3*h. What is the remainder when b is divided by 10?
7
Suppose -2*l - 2*s - s = 0, s = 3*l - 22. Calculate the remainder when 17 is divided by l.
5
Let o(v) = -4*v - 3. Let y be o(-2). Suppose -5*m = -0*m - y. Let c = 9 + m. Calculate the remainder when c is divided by 6.
4
What is the remainder when 62 is divided by 23 - 7 - 0/(-1)?
14
Suppose 4*g - 28 = 3*t + 65, g - 3*t = 12. Calculate the remainder when g is divided by 15.
12
Let f be (-4)/(-2) + 3 + -1. Suppose f*n + 6 = 2*n, 2*g = 5*n - 51. Calculate the remainder when g/(3/(-3)) + -2 is divided by 11.
9
Suppose -26 = 4*a - 130. Suppose 0 = -5*s - 15, 0 = z - 2*s - 1 - 2. Let l = 11 - z. Calculate the remainder when a is divided by l.
12
Suppose 0 = -2*b - s - 2*s - 112, b - 2*s = -63. Let i be 540/(-16) + (-2)/8. Let k = i - b. What is the remainder when k is divided by 9?
7
What is the remainder when 57 is divided by (-208)/(-78)*(-18)/(-4)?
9
Let h(l) = -l**3 - 2*l**2 + l - 3. Let v be h(-3). What is the remainder when 39 is divided by 280/21 - (-2)/v?
11
Let w(s) = 12*s + 7. Calculate the remainder when w(5) is divided by 17.
16
Let a = 19 - 11. Let k(d) = d**3 - 5*d**2 + 5*d - 4. Let p be k(4). Suppose p*w = 4*w - a. What is the remainder when w is divided by 2?
0
Suppose 0*f + 2*l + 184 = f, 2*f - l - 380 = 0. Let j = f + -135. What is the remainder when j is divided by 30?
27
Let t(b) be the second derivative of 3*b**4/4 + b**3/3 - 3*b**2/2 + 2*b. What is the remainder when t(2) is divided by 13?
11
Suppose 81 = 2*z + 23. Calculate the remainder when z is divided by 8.
5
Let w = 8 + 0. Let v(i) = 17*i**2 + 1. Let l be v(2). Let j = l + -46. Calculate the remainder when j is divided by w.
7
Suppose 4*d + d = -5*l + 75, l - 3*d = 27. Calculate the remainder when ((-357)/14)/(3/(-4)) is divided by l.
16
Suppose 4*d - u + 17 = 0, 3*d - u + 6 = 2*u. What is the remainder when d/((-5)/9) - -4 is divided by 1/(2 + 15/(-8))?
5
Let k be (-1040)/(-35) + (-4)/(-14). Let n = 47 - k. What is the remainder when 49 is divided by n?
15
Let i be 1 + (4/(-2) - -3). Suppose 19 = 3*j - i. Suppose 3*t - 8 = -m - 4*m, -4*t = m + 12. Calculate the remainder when j is divided by m.
3
Let d(m) = -m + 7. Let v be d(5). Let g(t) = 2*t**3 - 4*t**2 + t + 2. What is the remainder when g(v) is divided by 3 + 0/(1 - -2)?
1
Let y = -12 + 31. What is the remainder when y is divided by 11?
8
Let c(x) = -2*x + 1. Suppose 0*o + 2*o - 2*u = 86, 4*u - 80 = -2*o. What is the remainder when o is divided by c(-7)?
12
Suppose 4*x + 113 = -2*p + 5*p, -5*p + 169 = 3*x. Let t(v) = 5*v + 2. Let n be 1 + (0 - -1) + 0. What is the remainder when p is divided by t(n)?
11
Let j(r) be the first derivative of -43*r**2/2 - r + 3. What is the remainder when j(-1) is divided by 11?
9
Suppose 0*x = 6*x - 1788. Calculate the remainder when x is divided by 25.
23
Let z = 111 + -32. Suppose -z = -2*x - 21. What is the remainder when 57 is divided by x?
28
Let t = -5 - -13. Suppose 8*v - 2*v = 132. Calculate the remainder when v is divided by t.
6
Suppose 2*n - 4 = 2, -d - n + 8 = 0. Let g(h) = h**2 - 6*h + 7. Let a be g(d). Let m = -1 + a. What is the remainder when 1 is divided by m?
0
Suppose s + 18 + 24 = 5*l, -l + 18 = -5*s. Let o = l + -6. Suppose 3*f + o*x + 2 - 25 = 0, -f - 2*x + 9 = 0. Calculate the remainder when 20 is divided by f.
6
Suppose -2*x - 192 = -6*x. Suppose 4*u + 2*f = 7*f + 57, 5*u - 3*f = 68. What is the remainder when x is divided by u?
9
Suppose -5*i + 0*h = -2*h - 20, 12 = -4*i - 4*h. What is the remainder when 4 is divided by i?
0
Suppose -a - 12 = -2*a + 2*x, 0 = -5*a + x + 51. Calculate the remainder when 17 is divided by a.
7
Suppose 0 = -4*m + 20 + 84. What is the remainder when 5 is divided by m/8 - 5/20?
2
Let l = 8 + -29. What is the remainder when -4 - l - (-1 + -1) is divided by 7?
5
Suppose 4*k = -4*h + 1476, -2*k = 4*h - 564 - 168. Calculate the remainder when (4/(-6))/((-8)/k) is divided by 11.
9
Suppose r + 0*h = 4*h, 4*r = 3*h. Suppose k - 15 = -r*v - 2*v, 2*v - 35 = -5*k. What is the remainder when 13 is divided by k?
3
Let s = 8 + 39. Calculate the remainder when s is divided by 8.
7
Suppose 56 + 14 = 5*n. Let z = n - 7. What is the remainder when 27 is divided by z?
6
Let o(m) = m**2 + 7. Let p(s) = -s**3 - 5*s**2 - 4*s - 6. Let t be p(-4). Calculate the remainder when o(t) is divided by 22.
21
Let y = 2 - -3. What is the remainder when 18 is divided by y?
3
Suppose -3*k - 27 = -2*p, -2*k = 2*p - 7*k - 33. Suppose -t - 2*t + p = 0. Suppose 8*q - 100 = t*q. What is the remainder when q is divided by 7?
6
Let v(r) = 13*r - 8. Calculate the remainder when v(3) is divided by 13.
5
Let g = 16 - -5. Suppose 5*p = g + 9. What is the remainder when p is divided by 3?
0
Let g be (-6)/(-9)*2*-3. Let s(k) = -2*k**2 + 2*k - 5. Let r be s(g). Calculate the remainder when r/(-6)*(-2)/(-1) is divided by 8.
7
Let u(j) = 0*j + j + 16 + 0*j. What is the remainder when u(13) is divided by 15?
14
Suppose 0 = 4*o - 0*o + 3*k - 64, 4*o - 72 = -k. Calculate the remainder when o is divided by 10.
9
Suppose -3*k - 21 = -5*q - 2*k, 0 = -3*q - k + 19. Calculate the remainder when 17 is divided by q.
2
Suppose b = p + 101, 3*b + 521 = 8*b + 3*p. Calculate the remainder when b is divided by -2 + 2 + (-52)/(-2).
25
Let p(t) = -26 + 10 + 4*t + 6*t. What is the remainder when p(11) is divided by 32?
30
Let t = 20 + 35. What is the remainder when t is divided by 14?
13
Suppose -82 = -4*b - j, 30 = 2*b - 0*b - 5*j. Calculate the remainder when 37 is divided by b.
17
Let n = 78 - 62. What is the remainder when 141 is divided by n?
13
Suppose 0 = 3*x - 0*p - 4*p + 40, x + 3*p = -22. Let j = x + 28. What is the remainder when j is divided by 9 + -2 + 2 + -2?
5
Let t = 40 - 28. Suppose 2*r - 40 = -t. Let z = 112 + -72. Calculate the remainder when z is divided by r.
12
Let w(c) = 6 - c - c**3 + 7*c - 6*c**2 - 3. Calculate the remainder when w(-7) is divided by 4 + (4 - 8) + 4.
2
Let d(y) = -y**3 - 11*y**2 - 13*y - 12. What is the remainder when 179 is divided by d(-10)?
17
Let g = 15 - 4. Let m(l) = l + 13. Let a be m(-6). Calculate the remainder when 2/a - (-897)/21 is divided by g.
10
Let y be 2/4*(2 - -48). Suppose 3*n = -5*w + y, 5*n + 5*w = 23 + 22. What is the remainder when n is divided by 7 + 3*(-1 + 0)?
2
Let s(q) be t